nd 11.
11
Let b be (-423)/141 - (-1)/(2/726). Calculate the highest common factor of b and 336.
24
Suppose -4*t = -9*t - 4*h + 1925, 0 = -t - 5*h + 385. Let q be (-105)/(5/(-15)*3). Suppose -s - q = -4*s. What is the greatest common divisor of t and s?
35
Suppose 4*z + 7*t - 8*t - 47 = 0, 5*z - t = 60. Calculate the highest common factor of 143 and z.
13
Let c = 24 + -27. Let i be c + (-9 + 1)/(-1). Let k(m) = 7*m + 7. Let t be k(i). Calculate the greatest common divisor of 28 and t.
14
Suppose -222*k + 99403 = 105*k + 268*k + 18483. Let v be (17/2)/(2/20). Calculate the highest common divisor of v and k.
17
Suppose -4*g + 507 + 409 = -f, 2*g + 1792 = -2*f. Let d be (-378)/(-22) + (-7 - f/132). Calculate the highest common factor of 1649 and d.
17
Suppose 11*r = -4*r + 60. Let q be (r + 4)/(((-36)/8)/(-9)). What is the greatest common factor of q and 176?
16
Let k be (27/12)/(-9) + (-19)/4. Let r be ((-124)/k)/((-5)/(-25)). Calculate the highest common divisor of r and 434.
62
Let c be -7 - 25/(-1) - (-13 - -15). Calculate the greatest common divisor of c and 976.
16
Let m be -28*(261/(-21) - -12). Calculate the highest common divisor of 768 and m.
12
Let w = -7042 + 7324. Calculate the greatest common factor of w and 2491.
47
Let i(d) = 4*d + 81. Let t be -30*(3 + 3/(-2) + -1). Let u be i(t). Calculate the highest common divisor of 126 and u.
21
Let v(s) = -2*s**3 + 29*s**2 - 14*s + 2. Let h be v(14). Suppose 4*n + 20 = 0, 0 = -h*l - n + 505 + 26. What is the highest common divisor of l and 4?
4
Let w be 14 + -5 + -6 + 13. Suppose d = -4*s + w, -3*s = d + 4 - 16. What is the greatest common divisor of s and 14?
2
Let q be (4 - 2) + 4 + (1827 - 0) + -4. What is the greatest common divisor of 124 and q?
31
Let d be 18*5/150*5/6*162. Calculate the greatest common factor of d and 621.
27
Let a = 7180 + -6828. Calculate the greatest common divisor of 992 and a.
32
Let i = -13294 - -24547. Calculate the highest common factor of 93 and i.
93
Suppose 92*l - 44052 = 50202 - 16974. Calculate the greatest common divisor of 6888 and l.
168
Suppose 10485 = 4*n + 1005 - 452. Calculate the greatest common divisor of 26 and n.
13
Let d be 4*1 + (-9)/(63/(-7)). Suppose 0 = 2*y + 4*n - 1160, d*y - 8*y = 2*n - 1732. Calculate the greatest common divisor of 8 and y.
8
Suppose 39*z - 32 = 37*z + 3*q, 4*q + 16 = 0. Suppose 21*x - 37*x = -1120. Calculate the highest common divisor of x and z.
10
Let g be 14*1*(12 + 2). Let t = 13352 - 13009. Calculate the highest common divisor of g and t.
49
Suppose 3*c + 4*g = 116, -5*c = -g + 84 - 262. Let a be c/((-8)/(-4))*(-6)/(-9). What is the highest common factor of a and 150?
6
Let u = -30710 + 33076. What is the highest common factor of 1820 and u?
182
Let p be 4 + -2 - -2 - (-111 - -5). Let j be 2 + 2774/10 + (-44)/p. What is the greatest common factor of j and 31?
31
Suppose 0*p + 6*p = 29*p - 7774. What is the highest common factor of 78 and p?
26
Let x = 472 + -474. Let v be (208 - 43)*(x + (-12)/(-5)). Calculate the highest common factor of 528 and v.
66
Let o be (-4)/22 + (-7446)/66. Let x = o - -116. What is the highest common factor of x and 12?
3
Suppose 6*b + 81 = 15*b. Let d(t) = t**2 - 7*t - 2. Let v be d(8). Calculate the greatest common divisor of b and v.
3
Let g = -294 + 784. Suppose -4*u + 0*u = -40. What is the highest common factor of g and u?
10
Let b(o) = o**3 + 7*o**2 - 118*o + 31. Let x be b(-15). What is the highest common divisor of x and 635?
1
Let p(d) = -3*d + 55 - 14 + 31*d + 127. Let q be p(6). What is the highest common divisor of q and 96?
48
Suppose 955 + 486 = 17*l - 123. Suppose -135 = -4*r + 141. Calculate the highest common divisor of l and r.
23
Suppose -6*s = -196*s + 1095160. Calculate the greatest common factor of 22 and s.
22
Suppose 339123 = 56*p - 547301. What is the highest common factor of 11 and p?
11
Let a = -11 - -27. Let j(l) = 214*l**2 - 14*l - 5. Let k be j(-2). Suppose 9*f = 417 + k. Calculate the greatest common divisor of f and a.
16
Let m(x) = -48*x - 350. Let t be m(-8). Suppose 5*l = 654 + 876. Calculate the greatest common factor of l and t.
34
Let f(c) = -c**2 - 28*c - 71. Let a be f(-25). Let b(j) = 2*j + 5. Let r be b(5). Suppose -r + 7 = -2*n. What is the highest common factor of n and a?
4
Let k be 1/(-2 + (-91)/(-45)). Suppose 0 = 35*b + 132*b - 12986 - 4549. What is the greatest common divisor of b and k?
15
Let s(n) = -200*n**2 + 1200*n + 15. Let z be s(6). What is the greatest common divisor of z and 435?
15
Suppose 600*z = 603*z - 3807. What is the highest common factor of z and 45?
9
Suppose 13*z + 5 - 18 = 0. Let g(k) = 246*k**3 - 5*k**2 + 4*k + 2. Let a be g(z). Calculate the highest common divisor of a and 13.
13
Let k be ((-1259)/4 - 63/(-252))*(-10 + 0). What is the greatest common divisor of k and 370?
185
Suppose -2*b + 5*p = -14, -2*b + 2 = -4*p - 12. What is the highest common divisor of 763 and b?
7
Let p(k) = -2*k**2 + 25*k + 44. Let q be p(14). Let f be (-6)/9*q - 283/(-3). What is the greatest common factor of f and 651?
93
Let u be 29 - -10*(-90)/(-225). Let n = -64 + 119. What is the highest common factor of u and n?
11
Let k(m) = -2*m**3 + 75*m**2 - 33*m - 337. Let v be k(36). Calculate the greatest common factor of 17 and v.
17
Let p be (-660)/105 + (-8)/(-28). Let y be -5 + 517 + (-7 - p). What is the greatest common factor of 7 and y?
7
Let a = -152 + 166. Let i = 34 - 32. Let t be 7/i*(-6 - -26). What is the greatest common divisor of a and t?
14
Suppose 2*m - 25 = -g - 9, -3*g + 3*m + 66 = 0. What is the highest common factor of 540 and g?
20
Let c = -15275 - -23608. What is the highest common divisor of 13 and c?
13
Let i be 141/12 + -13 - 7071/(-12). Calculate the highest common divisor of 24 and i.
12
Let a = 718 - 714. Let c = 23 - 18. Calculate the highest common divisor of c and a.
1
Suppose 0 = 2*b - b - 6. Let y be (-14)/(10 - 3) + -1*1. Let w be (-5 + 1)/(1 - (-5)/y). What is the greatest common divisor of b and w?
6
Let o = -45 + 99. Let b = 252096 - 251961. What is the greatest common factor of b and o?
27
Suppose 5*t + 49 + 2 = -a, -5*a - 186 = 2*t. Let m be (a/(-30))/((-2)/(-370)). What is the greatest common divisor of 6 and m?
6
Let l be 36/(-108) - ((-24512)/6 + -2). What is the greatest common divisor of 122 and l?
61
Let w = 4093 + -3950. What is the highest common divisor of 26 and w?
13
Let y(h) = h**3 - 22*h**2 - 42*h - 58. Let u be y(24). Let j = u + -26. What is the greatest common factor of 100 and j?
20
Let g(m) = 6*m - 26. Let y be g(7). Let h = 76 - y. Let u = -16 + 28. What is the greatest common factor of h and u?
12
Let g = 92 + -74. Let i = -6 - -11. Let t be 12/i*(-10)/(-4). What is the greatest common divisor of g and t?
6
Let f be ((1 + -6)/1)/(75/(-17250)). What is the greatest common factor of f and 92?
46
Let b(y) be the first derivative of -11 + 8*y + 1/3*y**3 + 5/2*y**2. Let m be b(-4). Calculate the greatest common factor of 12 and m.
4
Suppose -439 = -7*w - 103. Let h = 196 - 2. Let c = 314 - h. Calculate the highest common divisor of c and w.
24
Let l be (-3)/((-135)/(-36))*(-2 - (-12903)/(-6)). Calculate the greatest common factor of 42 and l.
42
Suppose 0 = -5*v - 4*v + 22054 + 60260. Calculate the highest common factor of v and 34.
34
Let x(c) = 99*c + 12. Let j be x(2). Let w be j/(-60)*(-4)/14*122. What is the greatest common factor of 2 and w?
2
Suppose -4*k + h + 63187 = 2*h, -2*h = -5*k + 78961. Calculate the greatest common divisor of k and 65.
65
Let q(t) = -t**2 - 20*t - 4. Let a = -31 + 25. Let k be q(a). Suppose 2*z + 3*h = 49, 15*z - 52 = 13*z - 4*h. Calculate the greatest common factor of k and z.
20
Suppose 5*l - 3*k - 394 = 0, 456*k - 455*k + 388 = 5*l. Suppose 3*w + 28 = 2*t + 7*w, w = 0. Calculate the highest common divisor of t and l.
7
Suppose -23*s = -48 - 67. Suppose 0 = -2*v + 7*v - 20. Suppose 3*k - 674 = -v*i, 858 - 4 = s*i - 2*k. What is the greatest common divisor of i and 68?
34
Let i(t) = t**3 + t**2 - 176*t + 1131. Let p be i(6). Calculate the greatest common divisor of p and 6976.
109
Let t(d) = d**3 - 13*d**2 + 98*d - 387. Let f be t(9). Calculate the greatest common factor of 4503 and f.
57
Let r be 840/70 + (147 - 1). What is the greatest common divis